ctor of 15710035?
True
Does 53 divide 14096622?
True
Does 2931 divide 83469018?
True
Does 2024 divide 195816838?
False
Is 86235600 a multiple of 1200?
True
Is 1583 a factor of 226751395?
False
Is 47536775 a multiple of 1166?
False
Does 201 divide 569359434?
True
Does 51 divide 26303216?
False
Is 191757831 a multiple of 4209?
True
Is 1471908 a multiple of 11?
False
Is 30 a factor of 2309023?
False
Is 174007470 a multiple of 26?
True
Does 2285 divide 225600423?
False
Does 11 divide 142086769?
True
Does 1243 divide 19622098?
False
Is 6213760 a multiple of 5?
True
Does 770 divide 42961354?
False
Is 1292988 a multiple of 46?
False
Does 3 divide 818347?
False
Is 3 a factor of 271237?
False
Does 158 divide 26323875?
False
Is 38956788 a multiple of 2604?
False
Does 103 divide 65950776?
False
Is 16467198 a multiple of 97?
False
Is 1204 a factor of 264002284?
True
Is 38791935 a multiple of 35?
True
Does 268 divide 299436936?
True
Is 18 a factor of 483346620?
True
Is 1214617295 a multiple of 59?
False
Is 1015706250 a multiple of 1374?
False
Is 157349274 a multiple of 891?
False
Is 37717933 a multiple of 59?
True
Does 62 divide 947774527?
False
Does 356 divide 5242812?
True
Is 14791654 a multiple of 490?
False
Does 1338 divide 1282654968?
True
Is 761522090 a multiple of 665?
True
Is 107 a factor of 3994952?
True
Is 4 a factor of 139261847?
False
Does 15 divide 1061517670?
False
Is 14044335 a multiple of 305?
True
Is 34 a factor of 25824023?
False
Is 36691074 a multiple of 1501?
False
Is 27 a factor of 2773896489?
True
Is 2083 a factor of 57092866?
False
Is 3 a factor of 22418729?
False
Is 364413479 a multiple of 38?
False
Is 20 a factor of 90650087?
False
Does 2462 divide 472025306?
False
Is 359 a factor of 4731620?
True
Is 1519693327 a multiple of 121?
False
Is 7 a factor of 55950834?
False
Does 48 divide 42122544?
True
Is 93 a factor of 250927950?
True
Does 10 divide 163277210?
True
Is 756 a factor of 1895543748?
True
Is 349214719 a multiple of 1051?
True
Does 1551 divide 19683741?
True
Is 309 a factor of 129274167?
True
Is 24933129 a multiple of 62?
False
Does 241 divide 24492107?
True
Is 29 a factor of 257896275?
True
Is 1034 a factor of 7398777?
False
Does 34 divide 213997122?
True
Is 368717626 a multiple of 180?
False
Is 251 a factor of 13353200?
True
Is 43910906 a multiple of 57?
False
Is 54 a factor of 55306928?
False
Does 6931 divide 3598478835?
False
Does 553 divide 422535134?
True
Is 29 a factor of 15075752?
False
Is 55921351 a multiple of 3089?
False
Does 108 divide 4305842541?
False
Is 108194011 a multiple of 75?
False
Is 405408098 a multiple of 2087?
True
Is 2482 a factor of 48922702?
True
Does 4 divide 173774453?
False
Is 1296506676 a multiple of 27?
False
Is 29416266 a multiple of 1199?
True
Is 31036665 a multiple of 3?
True
Does 84 divide 36686244?
True
Does 9 divide 3461395797?
True
Does 1102 divide 169901952?
True
Does 23 divide 304263066?
False
Does 61 divide 20535040?
True
Does 108 divide 536996593?
False
Does 6 divide 66395706?
True
Does 38 divide 1724743278?
True
Does 43 divide 1993594453?
False
Is 2903 a factor of 83699296?
True
Is 45 a factor of 44404866?
False
Does 110 divide 216971920?
True
Is 57106893 a multiple of 523?
True
Is 107 a factor of 25360956?
False
Does 712 divide 35370736?
True
Is 13230890 a multiple of 10?
True
Does 1094 divide 116970517?
False
Is 710 a factor of 269897962?
False
Does 3817 divide 6383699634?
False
Is 10 a factor of 551334480?
True
Is 33831543 a multiple of 4?
False
Does 19 divide 15358840?
True
Is 612 a factor of 29775636?
True
Is 38814293 a multiple of 397?
True
Is 1382 a factor of 314514178?
True
Is 824742778 a multiple of 79?
True
Is 5670 a factor of 148803480?
True
Does 177 divide 571099173?
True
Does 1175 divide 43903?
False
Does 95 divide 304627325?
False
Is 3326 a factor of 937500460?
False
Is 450 a factor of 99029700?
True
Is 892940176 a multiple of 424?
False
Does 19 divide 51843134?
True
Does 748 divide 20580472?
True
Does 1653 divide 23793282?
True
Is 67765320 a multiple of 840?
True
Is 49 a factor of 195993287?
True
Is 99 a factor of 924916159?
False
Is 33172463 a multiple of 27?
False
Is 11 a factor of 55761937?
True
Is 1721 a factor of 73927276?
True
Is 8579466 a multiple of 14?
True
Does 85 divide 63660228?
False
Is 41249475 a multiple of 16?
False
Does 222 divide 941315619?
False
Is 101 a factor of 36607076?
False
Does 24 divide 13428124?
False
Is 49361322 a multiple of 862?
False
Is 5756033682 a multiple of 966?
True
Does 6 divide 929666296?
False
Is 1241489 a multiple of 10?
False
Is 52733879 a multiple of 5?
False
Does 45 divide 38477475?
True
Is 5085 a factor of 2059632635?
False
Is 879395670 a multiple of 45?
True
Is 753 a factor of 454011363?
False
Is 10 a factor of 1726600?
True
Does 39 divide 8453339?
False
Is 10562661 a multiple of 1581?
True
Does 4 divide 64853279?
False
Is 8836366 a multiple of 49?
True
Is 12 a factor of 212025298?
False
Does 183 divide 73684218?
True
Is 7143 a factor of 1341205395?
True
Is 267652023 a multiple of 1234?
False
Does 516 divide 497459038?
False
Does 1303 divide 1052851426?
False
Does 71 divide 249076548?
False
Is 33 a factor of 638156211?
True
Is 380 a factor of 156727580?
True
Is 89 a factor of 40774560?
False
Is 712897592 a multiple of 22?
True
Does 1788 divide 162134052?
True
Is 71 a factor of 7025663?
True
Is 633 a factor of 1072058200?
False
Does 15 divide 555189?
False
Does 1570 divide 37703447?
False
Is 7537 a factor of 37202632?
True
Is 53 a factor of 6366254?
True
Is 16 a factor of 51321947?
False
Is 81 a factor of 171986571?
True
Is 33545325 a multiple of 803?
True
Is 15 a factor of 49483305?
True
Does 11 divide 48095928?
False
Does 970 divide 679674150?
True
Does 12 divide 23685384?
True
Does 9 divide 41450688?
True
Does 22 divide 11031366?
False
Does 13 divide 60945777?
False
Is 4047 a factor of 425019987?
True
Is 146068017 a multiple of 124?
False
Does 27 divide 153385588?
False
Does 342 divide 47061252?
True
Does 25 divide 133294475?
True
Does 20 divide 272031420?
True
Does 183 divide 2222169?
True
Does 61 divide 25151121?
False
Is 156265447 a multiple of 5?
False
Is 1270057974 a multiple of 109?
False
Is 103105977 a multiple of 39?
True
Is 12 a factor of 11330821?
False
Is 990 a factor of 87696839?
False
Is 1799 a factor of 598671220?
True
Is 11 a factor of 104258033?
True
Is 45059673 a multiple of 1887?
True
Is 8 a factor of 25857409?
False
Is 95 a factor of 8198240?
False
Does 20 divide 809141840?
True
Is 230003708 a multiple of 22?
True
Does 25 divide 353434552?
False
Does 5349 divide 346802415?
True
Is 30 a factor of 13264950?
True
Is 19223628 a multiple of 276?
False
Is 3454109466 a multiple of 132?
False
Is 44 a factor of 4713221?
False
Does 242 divide 25234550?
True
Is 248 a factor of 38352208?
True
Is 1894 a factor of 4045584?
True
Is 97573434 a multiple of 902?
False
Is 21 a factor of 463976751?
True
Does 4844 divide 163281552?
True
Does 15 divide 188196644?
False
Is 164 a factor of 4784208?
True
Does 162 divide 13236696?
True
Is 1953816 a multiple of 160?
False
Does 1902 divide 618905247?
False
Is 360328815 a multiple of 3465?
True
Does 293 divide 26098096?
True
Does 53 divide 48320577?
True
Is 55498122 a multiple of 62?
True
Does 25 divide 9529200?
True
Is 1730058000 a multiple of 150?
True
Is 2380230 even?
True
Is 112 a factor of 175596639?
False
Does 107 divide 28616294?
True
Is 1692460318 a multiple of 2334?
False
Is 7 a factor of 49377622?
True
Does 1733 divide 88817983?
True
Is 107 a factor of 37017218?
False
Does 38 divide 33670090?
True
Does 1286 divide 327489899?
False
Does 13 divide 269581910?
True
Is 44 a factor of 48243272?
True
Is 4012 a factor of 35193264?
True
Does 4457 divide 227801727?
True
Is 245787338 a multiple of 101?
True
Does 13 divide 9844705?
True
Is 238298331 a multiple of 3?
True
Is 10 a factor of 1227846000?
True
Is 78041040 a multiple of 2884?
True
Does 52 divide 44938244?
True
Is 109637785 a multiple of 2495?
True
Is 98 a factor of 33439756?
True
Is 60591819 a multiple of 11?
False
Is 16 a factor of 272844?
False
Is 391935109 a multiple of 1658?
False
Is 29919980 a multiple of 60?
False
Is 966 a factor of 202075470?
False
Is 454141164 a multiple of 69?
True
Is 291 a factor of 508305